354. Let x = i - -367. List the prime factors of x.
2, 37
What are the prime factors of 9 + (-4080)/(-8 - -2)?
13, 53
Suppose 0 = -4*l - 14 + 54. Let g(c) = c**2 - 6*c - 7. Let k be g(7). Suppose k = -0*q - q + l. List the prime factors of q.
2, 5
Let x(p) = -11*p + 11. Let b be x(4). Let h = -49 - -113. Let w = h + b. List the prime factors of w.
31
Let a(s) be the first derivative of 16*s**3/3 + 3*s**2 - 7*s + 7. List the prime factors of a(2).
3, 23
Let s = -65 + 117. Let h = 238 + -238. Suppose h*m = -2*m + s. What are the prime factors of m?
2, 13
Let p(g) = -94*g**3 - 13*g**2 - 4*g - 13. List the prime factors of p(-3).
2, 5, 11
List the prime factors of 996/7 - (-136)/(-476).
2, 71
Suppose -2*n + 6 = 8. List the prime factors of 53/n*8/(-8).
53
List the prime factors of 3*5260/48 + (-2)/(-8).
7, 47
Let c be (1 + -2)/(2/(-10)). Suppose -2*m + 3*b + c = 4*b, 5*b - 1 = 2*m. Suppose 0*p + g + 12 = p, -m*p = 5*g - 45. List the prime factors of p.
3, 5
Let t(q) = q**3 + 12*q**2 + 13*q + 15. Let m be (44/12)/((-1)/3). Let o be t(m). Let h = o - -17. List the prime factors of h.
2, 5
Let u be (46/(-2))/(2 + 1 - 2). Let t(o) = -o**3 - 25*o**2 - 51*o - 28. What are the prime factors of t(u)?
3, 29
Let d = -16 - 24. Let q = 39 - d. List the prime factors of q.
79
Let b = 154 - 67. Suppose -b + 9 = -6*g. What are the prime factors of g?
13
Let d(r) = -r**3 + 2*r**2 + 4*r. Suppose 4*p = -5*u - 3, -4 = -3*u - 13. Let i be d(p). List the prime factors of (0 - (-4 + i))*31.
31
Suppose -176 - 943 = -3*z. What are the prime factors of z?
373
Suppose 161 = c - 8*c. Let x(k) = k**2 + 17*k + 46. What are the prime factors of x(c)?
2, 23
Let c(d) = d**3 + 10*d**2 + 6*d - 10. Let y be c(-8). Suppose -11*r + y = -9*r. List the prime factors of r.
5, 7
Suppose -114 = 41*l - 42*l. Suppose -l = -9*i + 6*i. List the prime factors of i.
2, 19
Suppose 5*q = 5*g + 21 + 9, 20 = 3*q - 5*g. Suppose -4 = -v + 4*c + 11, -4*v + 38 = -q*c. Suppose 0 = -3*s + 8 + v. What are the prime factors of s?
5
Suppose 4 - 14 = -2*s, m = 5*s + 36. What are the prime factors of m?
61
Let h(t) = -t**2 + 2*t + 11. Let i be h(8). What are the prime factors of i/(0 - (4 + -3)) + 2?
3, 13
Suppose 17 = -20*v + 19*v. Let p = v + 98. List the prime factors of p.
3
Suppose 4*z - 40 = 36. Let a = z - 7. Let b = a - -10. List the prime factors of b.
2, 11
Let l(d) = 4 + 6 - 8*d + 6 + d**2. List the prime factors of l(6).
2
Let i = 1678 + -126. What are the prime factors of i?
2, 97
Let g = 1343 + 2243. What are the prime factors of g?
2, 11, 163
Let l(r) = -r - 18. Let d be l(0). Let g(y) = -8*y**2 + 25*y + 2. Let u be g(3). What are the prime factors of u*5 - (d + 22)?
3, 7
Suppose -y + 14 = 4*k, 8*k = 4*k + 2*y + 8. Suppose 57 = 3*i + 3*u - 2*u, k*i = 4*u + 42. List the prime factors of i.
2, 3
Suppose 4*y + 15 = 19. List the prime factors of y/3 - 1260/(-27).
47
Let z = -28 + -10. Let v = -27 - z. What are the prime factors of v?
11
Let g(u) = u**2 + u + 14. Let o(y) = -4*y**2 - 4*y - 42. Let h(v) = -7*g(v) - 2*o(v). Let l be h(-10). Let w = l - 47. What are the prime factors of w?
29
Let k(g) be the second derivative of -35*g**3/6 - 7*g**2 - 9*g. What are the prime factors of k(-3)?
7, 13
Let y be 2/13 + 0 + 10/(-65). What are the prime factors of -4 + 4 + y - (-80 + -1)?
3
List the prime factors of (-4)/(-20) - (-321)/(-15)*-7.
2, 3, 5
Let y be 40/10 - 204/(-1). Let b = -46 + y. List the prime factors of b.
2, 3
Let b(s) = -62*s + 48. List the prime factors of b(-8).
2, 17
Let i = 251 + -373. Let j = i - -208. List the prime factors of j.
2, 43
Suppose 45 = 2*f - 9. Let k be (2 - -3 - -1)/((-58)/232). Let q = k + f. List the prime factors of q.
3
Let k(j) = 0*j + 2*j + 4 - 4*j + j. Let q be k(-4). Let b(u) = -u**2 + 13*u + 10. What are the prime factors of b(q)?
2, 5
Let o = 1914 + -994. List the prime factors of o.
2, 5, 23
Let d = 16 - 12. Suppose -i + 17 = d*o, 52 + 21 = 2*i - 5*o. What are the prime factors of 4/8 - i/(-2)?
3, 5
Let j be (-26 + -2)*2/4. Let s(n) = n**2 + 13*n - 7. Let t be s(j). List the prime factors of t + -5 + 4 + -2.
2
Suppose -5*h - 1266 = -c, -c - 5152 = -5*c - 2*h. List the prime factors of c.
2, 643
Let w(m) = 2*m**3 - 12*m**2 + 14*m + 20. List the prime factors of w(7).
2, 3
Let r(i) = 12*i**2 - 10*i - 14. List the prime factors of r(-5).
2, 3, 7
Let y(z) = 4*z - 25. Let x(t) = 3. Let j(a) = 2. Let h(k) = 3*j(k) - x(k). Let b(m) = 24*h(m) + 3*y(m). List the prime factors of b(2).
3, 7
Let d = 6 + -12. Let h(l) = -l + l**3 + 256*l**2 - 5 - 118*l**2 - 131*l**2. What are the prime factors of h(d)?
37
Suppose -16*f = -14*f - 10. Suppose f*u - 252 = u. Suppose k = 2*k - u. What are the prime factors of k?
3, 7
Suppose -c = 2*o - 265 - 1145, 0 = 5*c - 5*o - 7035. What are the prime factors of c?
2, 11
Let u = 15 - 11. Let z be -2 + 12/u - 4. List the prime factors of z*(-6)/9 - -36.
2, 19
Suppose -113 = u + 56. Let t = -67 - u. List the prime factors of t.
2, 3, 17
Suppose 0*n + 56 = -4*n. Let f(z) = -z**2 - 15*z - 10. Let j be f(n). Suppose j*b - 143 = 3*g, -22 = -0*b - b - 2*g. List the prime factors of b.
2
Let q(f) = 2*f**2 + 9*f + 5. Let w be q(-11). Let g = -83 + w. What are the prime factors of g?
5, 13
Suppose 11 = -4*u + 3. Suppose 4*q - j = 21866, 2*q = 4*q - 2*j - 10930. What are the prime factors of u/9 + q/99?
5, 11
Suppose -2*u + 7*u = -15. What are the prime factors of u/15 + 3332/35?
5, 19
Let y(k) = 6*k**3 - 8*k**2 + 30*k - 26. What are the prime factors of y(8)?
2, 19, 73
Let k = -2 - 0. Let m be (-4)/(-8) + (-29)/k. What are the prime factors of (2 + -8)*m/(-10)?
3
Suppose -3*r + 3*p + 14 = -2*p, 0 = -5*r + 2*p + 17. What are the prime factors of 113/r + (-17)/(-51)?
2, 19
Let q(r) = 22*r**2 + 147*r + 20. List the prime factors of q(-15).
5, 7, 79
Suppose 0 = 4*z + 3*n + 12, -3*n + 0 = -3*z - 9. What are the prime factors of z + (169 - 3)*1 + 4?
167
Let y(w) = -7*w - 13*w**2 + 6*w**2 + 6*w**2 - 8. Let r be y(-4). Suppose 0 = -7*p + 25 - r. List the prime factors of p.
3
Let w(j) = -36*j + 14. Let d be w(6). Let i = 300 + d. List the prime factors of i.
2, 7
Suppose 2*m - 3*x = 661, 8*m - x - 1633 = 3*m. List the prime factors of m.
2, 163
Let g = -356 - -548. What are the prime factors of g?
2, 3
Suppose -2471 = -5*f + b + 10549, -4*f + 10416 = -2*b. List the prime factors of f.
2, 3, 7, 31
Let l = 1111 - 518. What are the prime factors of l?
593
List the prime factors of (-1)/9*-19681 - 54/(-243).
3
Let i = -1391 - -2806. List the prime factors of i.
5, 283
Suppose 0*g + 4*g - x - 47 = 0, -g + 5*x = -7. Suppose 0*o = -2*o + g. Let n = o + 7. What are the prime factors of n?
13
Suppose 89*r - 93*r = -56. Let z = 60 - r. What are the prime factors of z?
2, 23
Suppose 0 = -2*j + 2462 + 774. List the prime factors of j.
2, 809
Suppose 5*q = 2*h - 0*h + 330, -4*q = -2*h - 262. Suppose 3*z - 5*i - 121 = 0, 2*z - 4*z - i = -72. Let a = q - z. What are the prime factors of a?
31
Let f(h) = 3*h + 114*h**2 + 13 - 11 + 94*h**2. Let x be f(-1). Suppose -9*b + x = -6*b. What are the prime factors of b?
3, 23
Let b = -6 - -8. Let f(w) = 2*w + 10. Let u be f(0). Suppose u = i + b. What are the prime factors of i?
2
Let k = 6965 + -4916. List the prime factors of k.
3, 683
Let v(k) = 37*k**2 - 3*k + 13. List the prime factors of v(3).
337
Let z(a) = 83*a - 30*a + 5 + 20*a. List the prime factors of z(1).
2, 3, 13
Let z be -2 - 1/(((-4)/101)/(-4)). What are the prime factors of 2 + 2 - (z - -5)?
2, 3, 17
Suppose 30 = i + 4*i - 3*m, 19 = 3*i - 2*m. Suppose -l + 0*l - 342 = -i*u, 2*u - 4*l - 238 = 0. What are the prime factors of u?
113
Let u(q) = -q**3 - 3*q**2 - 2*q + 8. Let t(b) = b**2 - 7*b + 8. Let l be t(4). List the prime factors of u(l).
2
List the prime factors of (-13)/(-39) + (-476)/(-3).
3, 53
Let z(t) = -3*t**2 - 2*t - 1. Let g be z(-1). Let f(v) = 13*v**2 - 4*v. Let w(u) = -6*u**2 + 2*u. Let k(i) = g*f(i) - 5*w(i). List the prime factors of k(3).
2, 3, 5
Let u be 3/(60/(-115))*12. What are the prime factors of 230/u*(-27)/2?
3, 5
Suppose -6*k - 15 + 3 = 0. List the prime factors of k/(-8) - (-4)/(-16)*-227.
3, 19
Suppose 220 = 4*z - 2*z - n, 4*z = -5*n + 426. What are the prime factors of z?
109
Suppose 25 = 3*h - 2*f, 2*f = -3*h + 6*f + 29. Let z(p